92 and 836?
836
What is the highest common factor of 159 and 217936?
53
What is the highest common factor of 60 and 6735?
15
What is the highest common divisor of 51956 and 124?
124
What is the greatest common divisor of 4 and 1119054?
2
What is the highest common factor of 366 and 41114?
122
Calculate the greatest common factor of 2793475 and 950.
475
What is the greatest common factor of 640574 and 110?
22
What is the greatest common divisor of 1178340 and 150?
30
Calculate the highest common divisor of 126880 and 20.
20
Calculate the highest common factor of 604476 and 90.
18
Calculate the greatest common factor of 27279 and 693.
63
Calculate the highest common divisor of 8466 and 458160.
498
What is the greatest common divisor of 788 and 1426674?
394
Calculate the highest common factor of 14190 and 52245.
645
Calculate the greatest common divisor of 20 and 1108360.
20
Calculate the highest common factor of 2356 and 6758.
62
Calculate the highest common factor of 295 and 32185.
5
What is the greatest common divisor of 10549 and 20097?
77
What is the highest common divisor of 736 and 19067?
23
What is the highest common factor of 715 and 11935?
55
What is the greatest common factor of 1368 and 168?
24
What is the highest common factor of 13855 and 67745?
85
What is the greatest common factor of 195 and 18770?
5
What is the highest common divisor of 93044 and 868?
28
What is the greatest common divisor of 65 and 13465?
5
Calculate the greatest common factor of 245 and 262689.
49
Calculate the highest common factor of 1202 and 10.
2
Calculate the highest common divisor of 3689 and 425.
17
Calculate the highest common divisor of 90848 and 4488.
136
What is the greatest common divisor of 221 and 98957?
17
Calculate the highest common divisor of 616 and 11683.
7
What is the highest common divisor of 46299 and 5368?
671
Calculate the highest common divisor of 4 and 2684.
4
What is the greatest common divisor of 80530 and 160?
10
What is the greatest common divisor of 162 and 1458?
162
Calculate the highest common divisor of 174 and 202.
2
What is the greatest common divisor of 201 and 21708?
201
Calculate the greatest common factor of 1275 and 83725.
425
Calculate the greatest common divisor of 151984 and 354.
118
Calculate the greatest common divisor of 24 and 22404.
12
Calculate the highest common factor of 6518160 and 30.
30
What is the greatest common factor of 324 and 37674?
18
What is the highest common divisor of 1106 and 14?
14
Calculate the highest common divisor of 8426 and 286.
22
What is the highest common divisor of 6875 and 135?
5
Calculate the greatest common factor of 48 and 596.
4
Calculate the greatest common divisor of 3721 and 16592.
61
Calculate the greatest common divisor of 198418 and 68266.
638
What is the greatest common factor of 63 and 8274?
21
What is the greatest common divisor of 36096 and 1620?
12
What is the highest common factor of 102405 and 15?
15
Calculate the highest common divisor of 1711443 and 645.
129
Calculate the highest common factor of 441 and 182.
7
What is the highest common factor of 51200 and 22016?
512
Calculate the greatest common factor of 20586 and 292.
146
What is the greatest common divisor of 12 and 155564?
4
Calculate the greatest common factor of 117 and 100539.
9
Calculate the greatest common factor of 1172 and 382072.
1172
What is the greatest common divisor of 18970 and 2439?
271
Calculate the highest common divisor of 6208 and 2816.
64
What is the greatest common divisor of 65 and 555?
5
Calculate the greatest common divisor of 3343561 and 622.
311
What is the highest common factor of 260 and 189020?
260
What is the greatest common divisor of 62 and 165075?
31
Calculate the greatest common factor of 2438 and 18446.
46
What is the highest common divisor of 9200 and 4255?
115
Calculate the highest common divisor of 3654524 and 68.
68
What is the greatest common factor of 9568 and 64?
32
What is the greatest common factor of 29200 and 1000?
200
Calculate the highest common divisor of 10317655 and 202.
101
Calculate the highest common divisor of 96 and 6168.
24
Calculate the highest common divisor of 23 and 3544944.
23
What is the highest common factor of 45409 and 1183?
91
What is the greatest common factor of 11461 and 2263?
73
Calculate the greatest common divisor of 890 and 860.
10
What is the highest common divisor of 2794 and 44?
22
Calculate the greatest common divisor of 202818 and 21.
21
What is the greatest common factor of 1519 and 2401?
49
Calculate the highest common factor of 2576 and 110124.
644
Calculate the greatest common factor of 47955 and 180.
15
What is the highest common factor of 66581 and 139?
139
Calculate the highest common factor of 48310 and 80.
10
Calculate the greatest common factor of 33944 and 32.
8
Calculate the highest common divisor of 763280 and 640.
80
Calculate the greatest common divisor of 256 and 88.
8
What is the greatest common divisor of 11754 and 1548?
18
What is the highest common divisor of 1814 and 28?
2
What is the greatest common factor of 313790 and 20?
10
What is the greatest common factor of 140 and 8050?
70
Calculate the greatest common divisor of 940 and 14852.
188
Calculate the greatest common factor of 3720 and 18.
6
What is the highest common divisor of 7164 and 15822?
18
Calculate the greatest common divisor of 12720 and 5120.
80
Calculate the highest common divisor of 58 and 68701.
29
Calculate the highest common divisor of 4611 and 8004.
87
Calculate the highest common factor of 160175 and 1935.
215
What is the highest common divisor of 15 and 1497?
3
Calculate the highest common divisor of 607776 and 60.
12
What is the highest common factor of 5684 and 841?
29
Calculate the highest common factor of 444932 and 820.
164
Calculate the greatest common divisor of 683259 and 399.
57
Calculate the highest common divisor of 125 and 7275.
25
Calculate the greatest common factor of 1683 and 213928.
187
What is the highest common divisor of 28639 and 13?
13
Calculate the greatest common divisor of 143 and 29536.
13
What is the highest common factor of 4760 and 29801?
17
Calculate the highest common factor of 14326 and 3172.
26
What is the highest common divisor of 280 and 273224?
56
Calculate the highest common factor of 3237 and 6552.
39
What is the highest common factor of 207870 and 820?
410
What is the highest common divisor of 611 and 481?
13
Calculate the highest common divisor of 150 and 105450.
150
Calculate the highest common factor of 1025168 and 32.
16
Calculate the highest common factor of 33 and 489786.
33
Calculate the greatest common divisor of 275320 and 80.
40
Calculate the greatest common divisor of 119973 and 210.
21
Calculate the highest common divisor of 27 and 72840.
3
Calculate the greatest common divisor of 319 and 29931.
11
Calculate the greatest common divisor of 17 and 8671.
1
What is the greatest common factor of 76 and 13484?
4
What is the greatest common factor of 4136 and 209?
11
Calculate the highest common factor of 1130 and 2832684.
226
What is the highest common divisor of 1524 and 2326?
2
Calculate the greatest common divisor of 67 and 59429.
67
What is the greatest common divisor of 11488 and 7264?
32
What is the highest common divisor of 119 and 646765?
119
Calculate the highest common divisor of 276237 and 9.
9
What is the highest common divisor of 57 and 7885?
19
What is the greatest common factor of 83444 and 828?
92
What is the highest common divisor of 4770 and 5406?
318
Calculate the highest common factor of 39 and 5669.
1
Calculate the greatest common factor of 233813 and 549.
61
Calculate the highest common divisor of 45679 and 187.
17
What is the greatest common divisor of 18 and 10335870?
18
What is the highest common divisor of 22195 and 1288?
23
What is the highest common factor of 1005 and 80601?
201
What is the greatest common divisor of 545250 and 2850?
150
Calculate the highest common divisor of 15 and 105477.
3
What is the highest common factor of 98819 and 133?
133
Calculate the highest common factor of 80 and 59440.
80
What is the greatest common divisor of 635237 and 37559?
1633
Calculate the greatest common divisor of 12638 and 2130.
142
What is the greatest common factor of 1